{"id":7,"date":"2026-04-30T20:05:55","date_gmt":"2026-04-30T20:05:55","guid":{"rendered":"https:\/\/www.azarethcantu.com\/?page_id=7"},"modified":"2026-05-01T19:00:46","modified_gmt":"2026-05-01T19:00:46","slug":"inicio","status":"publish","type":"page","link":"https:\/\/www.azarethcantu.com\/","title":{"rendered":"INICIO"},"content":{"rendered":"\t\t<div data-elementor-type=\"wp-page\" data-elementor-id=\"7\" class=\"elementor elementor-7\">\n\t\t\t\t<div class=\"elementor-element elementor-element-63cad8c e-flex e-con-boxed e-con e-parent\" data-id=\"63cad8c\" data-element_type=\"container\" data-e-type=\"container\">\n\t\t\t\t\t<div class=\"e-con-inner\">\n\t\t\t\t<div class=\"elementor-element elementor-element-47fffd3 elementor-widget elementor-widget-heading\" data-id=\"47fffd3\" data-element_type=\"widget\" data-e-type=\"widget\" data-widget_type=\"heading.default\">\n\t\t\t\t\t<h2 class=\"elementor-heading-title elementor-size-default\">Azareth Cant\u00fa<\/h2>\t\t\t\t<\/div>\n\t\t\t\t\t<\/div>\n\t\t\t\t<\/div>\n\t\t\t\t<div class=\"elementor-element elementor-element-734e6eb e-con e-atomic-element e-flexbox-base\" data-id=\"734e6eb\" data-element_type=\"e-flexbox\" data-e-type=\"e-flexbox\" data-interaction-id=\"734e6eb\">\n\t\t\t\t\t\t\t<h2 \n\t\tdata-interaction-id=\"9491e96\" \n\t\tclass=\"e-9491e96-fecafd5 e-heading-base\" \n\t\t \n\t\t\n\t>\n\t\n\t\t\tPeluquer\u00eda canina profesional \u00b7 Formaci\u00f3n \u00b7 Marca\n\t\t<\/h2>\n\t\t\t\t<\/div>\n\t\t<div class=\"elementor-element elementor-element-1ab7f2c e-flex e-con-boxed e-con e-parent\" data-id=\"1ab7f2c\" data-element_type=\"container\" data-e-type=\"container\">\n\t\t\t\t\t<div class=\"e-con-inner\">\n\t\t\t\t<div class=\"elementor-element elementor-element-d6eda67 elementor-widget elementor-widget-text-editor\" data-id=\"d6eda67\" data-element_type=\"widget\" data-e-type=\"widget\" data-widget_type=\"text-editor.default\">\n\t\t\t\t\t\t\t\t\t<p>Elevo el est\u00e1ndar del grooming canino a trav\u00e9s de t\u00e9cnica, est\u00e9tica y formaci\u00f3n profesional.<\/p>\t\t\t\t\t\t\t\t<\/div>\n\t\t\t\t\t<\/div>\n\t\t\t\t<\/div>\n\t\t<div class=\"elementor-element elementor-element-6df25a2 e-flex e-con-boxed e-con e-parent\" data-id=\"6df25a2\" data-element_type=\"container\" data-e-type=\"container\">\n\t\t\t\t\t<div class=\"e-con-inner\">\n\t\t\t\t<div class=\"elementor-element elementor-element-d09adbc elementor-widget elementor-widget-button\" data-id=\"d09adbc\" data-element_type=\"widget\" data-e-type=\"widget\" data-widget_type=\"button.default\">\n\t\t\t\t\t\t\t\t\t\t<a class=\"elementor-button elementor-button-link elementor-size-sm\" href=\"#\">\n\t\t\t\t\t\t<span class=\"elementor-button-content-wrapper\">\n\t\t\t\t\t\t\t\t\t<span class=\"elementor-button-text\">Conoce la Academia<\/span>\n\t\t\t\t\t<\/span>\n\t\t\t\t\t<\/a>\n\t\t\t\t\t\t\t\t<\/div>\n\t\t\t\t\t<\/div>\n\t\t\t\t<\/div>\n\t\t<div class=\"elementor-element elementor-element-a9364cd e-flex e-con-boxed e-con e-parent\" data-id=\"a9364cd\" data-element_type=\"container\" data-e-type=\"container\">\n\t\t\t\t\t<div class=\"e-con-inner\">\n\t\t\t\t\t\t\t<h2 \n\t\tdata-interaction-id=\"66347d3\" \n\t\tclass=\"e-heading-base\" \n\t\t \n\t\t\n\t>\n\t\n\t\t\tSobre mi\n\t\t<\/h2>\n\t\t\t\t\t<\/div>\n\t\t\t\t<\/div>\n\t\t<div class=\"elementor-element elementor-element-082381f e-flex e-con-boxed e-con e-parent\" data-id=\"082381f\" data-element_type=\"container\" data-e-type=\"container\">\n\t\t\t\t\t<div class=\"e-con-inner\">\n\t\t\t\t<div class=\"elementor-element elementor-element-f4d4787 elementor-widget elementor-widget-text-editor\" data-id=\"f4d4787\" data-element_type=\"widget\" data-e-type=\"widget\" data-widget_type=\"text-editor.default\">\n\t\t\t\t\t\t\t\t\t<p data-start=\"175\" data-end=\"341\">Soy Azareth Cant\u00fa, profesional en peluquer\u00eda canina con m\u00e1s de 13 a\u00f1os de experiencia en el manejo, est\u00e9tica y cuidado del perro desde un enfoque t\u00e9cnico y funcional.<\/p><p data-start=\"343\" data-end=\"516\">A lo largo de mi trayectoria he desarrollado un criterio propio basado en la observaci\u00f3n, la pr\u00e1ctica constante y el respeto por la estructura y tipo de manto de cada perro.<\/p><p data-start=\"518\" data-end=\"717\">Soy fundadora de Hollywood Dogs, un espacio donde la est\u00e9tica canina se trabaja con intenci\u00f3n, disciplina y profesionalismo, tanto en el servicio al cliente como en la formaci\u00f3n de nuevos estilistas.<\/p>\t\t\t\t\t\t\t\t<\/div>\n\t\t\t\t\t<\/div>\n\t\t\t\t<\/div>\n\t\t<div class=\"elementor-element elementor-element-8620c73 e-flex e-con-boxed e-con e-parent\" data-id=\"8620c73\" data-element_type=\"container\" data-e-type=\"container\">\n\t\t\t\t\t<div class=\"e-con-inner\">\n\t\t\t\t<div class=\"elementor-element elementor-element-b87596a elementor-widget elementor-widget-heading\" data-id=\"b87596a\" data-element_type=\"widget\" data-e-type=\"widget\" data-widget_type=\"heading.default\">\n\t\t\t\t\t<h2 class=\"elementor-heading-title elementor-size-default\">Servicios y formaci\u00f3n<\/h2>\t\t\t\t<\/div>\n\t\t\t\t\t<\/div>\n\t\t\t\t<\/div>\n\t\t<div class=\"elementor-element elementor-element-9bc2ad6 e-flex e-con-boxed e-con e-parent\" data-id=\"9bc2ad6\" data-element_type=\"container\" data-e-type=\"container\">\n\t\t\t\t\t<div class=\"e-con-inner\">\n\t\t<div class=\"elementor-element elementor-element-1cfcfa3 e-con-full e-flex e-con e-child\" data-id=\"1cfcfa3\" data-element_type=\"container\" data-e-type=\"container\">\n\t\t\t\t\t\t\t<h2 \n\t\tdata-interaction-id=\"295e5c6\" \n\t\tclass=\"e-295e5c6-cc34c69 e-heading-base\" \n\t\t \n\t\t\n\t>\n\t\n\t\t\tPeluquer\u00eda canina profesional<br><br>Servicio enfocado en el cuidado, est\u00e9tica y bienestar del perro, trabajando de acuerdo a su tipo de manto, estructura y necesidades espec\u00edficas.\n\t\t<\/h2>\n\t\t\t\t<\/div>\n\t\t<div class=\"elementor-element elementor-element-a4702a4 e-con-full e-flex e-con e-child\" data-id=\"a4702a4\" data-element_type=\"container\" data-e-type=\"container\">\n\t\t\t\t\t\t\t<h2 \n\t\tdata-interaction-id=\"784c9a1\" \n\t\tclass=\"e-784c9a1-f2621cd e-heading-base\" \n\t\t \n\t\t\n\t>\n\t\n\t\t\tAcademia y formaci\u00f3n<br><br>Cursos y capacitaci\u00f3n dirigidos a quienes buscan desarrollarse profesionalmente en la peluquer\u00eda canina con bases t\u00e9cnicas y criterio de trabajo.\n\t\t<\/h2>\n\t\t\t\t<\/div>\n\t\t\t\t\t<\/div>\n\t\t\t\t<\/div>\n\t\t<div class=\"elementor-element elementor-element-105f938 e-flex e-con-boxed e-con e-parent\" data-id=\"105f938\" data-element_type=\"container\" data-e-type=\"container\">\n\t\t\t\t\t<div class=\"e-con-inner\">\n\t\t\t\t<div class=\"elementor-element elementor-element-1f352fe elementor-widget elementor-widget-heading\" data-id=\"1f352fe\" data-element_type=\"widget\" data-e-type=\"widget\" data-widget_type=\"heading.default\">\n\t\t\t\t\t<h2 class=\"elementor-heading-title elementor-size-default\">Nuestra forma de trabajar<\/h2>\t\t\t\t<\/div>\n\t\t\t\t\t<\/div>\n\t\t\t\t<\/div>\n\t\t<div class=\"elementor-element elementor-element-6d478e9 e-flex e-con-boxed e-con e-parent\" data-id=\"6d478e9\" data-element_type=\"container\" data-e-type=\"container\">\n\t\t\t\t\t<div class=\"e-con-inner\">\n\t\t\t\t<div class=\"elementor-element elementor-element-acebeab elementor-widget elementor-widget-text-editor\" data-id=\"acebeab\" data-element_type=\"widget\" data-e-type=\"widget\" data-widget_type=\"text-editor.default\">\n\t\t\t\t\t\t\t\t\t<p data-start=\"508\" data-end=\"540\">No se trata solo de cortar pelo.<\/p><p data-start=\"542\" data-end=\"684\">Se trata de respetar la estructura, el tipo de manto y la funcionalidad de cada perro, trabajando con t\u00e9cnica, criterio y atenci\u00f3n al detalle.<\/p><p data-start=\"686\" data-end=\"823\">Cada servicio se realiza con intenci\u00f3n, buscando no solo un buen resultado est\u00e9tico, sino un trabajo bien ejecutado desde lo profesional.<\/p><ul data-start=\"1015\" data-end=\"1116\"><li data-section-id=\"1lszao9\" data-start=\"1015\" data-end=\"1046\">T\u00e9cnica sobre improvisaci\u00f3n<\/li><li data-section-id=\"t82lev\" data-start=\"1047\" data-end=\"1075\">Criterio sobre tendencia<\/li><li data-section-id=\"jf9g1z\" data-start=\"1076\" data-end=\"1116\">Respeto por el perro en cada proceso\u00a0<\/li><\/ul>\t\t\t\t\t\t\t\t<\/div>\n\t\t\t\t\t<\/div>\n\t\t\t\t<\/div>\n\t\t<div class=\"elementor-element elementor-element-6423c16 e-flex e-con-boxed e-con e-parent\" data-id=\"6423c16\" data-element_type=\"container\" data-e-type=\"container\">\n\t\t\t\t\t<div class=\"e-con-inner\">\n\t\t\t\t\t\t\t<h2 \n\t\tdata-interaction-id=\"092db4f\" \n\t\tclass=\"e-heading-base\" \n\t\t \n\t\t\n\t>\n\t\n\t\t\tConoce nuestros pr\u00f3ximos cursos\n\t\t<\/h2>\n\t\t\t\t\t<\/div>\n\t\t\t\t<\/div>\n\t\t<div class=\"elementor-element elementor-element-10a8702 e-flex e-con-boxed e-con e-parent\" data-id=\"10a8702\" data-element_type=\"container\" data-e-type=\"container\">\n\t\t\t\t\t<div class=\"e-con-inner\">\n\t\t\t\t<div class=\"elementor-element elementor-element-69dd66b elementor-widget elementor-widget-button\" data-id=\"69dd66b\" data-element_type=\"widget\" data-e-type=\"widget\" data-widget_type=\"button.default\">\n\t\t\t\t\t\t\t\t\t\t<a class=\"elementor-button elementor-button-link elementor-size-sm\" href=\"#\">\n\t\t\t\t\t\t<span class=\"elementor-button-content-wrapper\">\n\t\t\t\t\t\t\t\t\t<span class=\"elementor-button-text\">Ver cursos<\/span>\n\t\t\t\t\t<\/span>\n\t\t\t\t\t<\/a>\n\t\t\t\t\t\t\t\t<\/div>\n\t\t\t\t\t<\/div>\n\t\t\t\t<\/div>\n\t\t\t\t<\/div>\n\t\t","protected":false},"excerpt":{"rendered":"<p>Azareth Cant\u00fa Peluquer\u00eda canina profesional \u00b7 Formaci\u00f3n \u00b7 Marca Elevo el est\u00e1ndar del grooming canino a trav\u00e9s de t\u00e9cnica, est\u00e9tica y formaci\u00f3n profesional. Conoce la Academia Sobre mi Soy Azareth Cant\u00fa, profesional en peluquer\u00eda canina con m\u00e1s de 13 a\u00f1os de experiencia en el manejo, est\u00e9tica y cuidado del perro desde un enfoque t\u00e9cnico y [&hellip;]<\/p>\n","protected":false},"author":1,"featured_media":0,"parent":0,"menu_order":0,"comment_status":"closed","ping_status":"closed","template":"","meta":{"footnotes":""},"class_list":["post-7","page","type-page","status-publish","hentry"],"_links":{"self":[{"href":"https:\/\/www.azarethcantu.com\/index.php\/wp-json\/wp\/v2\/pages\/7","targetHints":{"allow":["GET"]}}],"collection":[{"href":"https:\/\/www.azarethcantu.com\/index.php\/wp-json\/wp\/v2\/pages"}],"about":[{"href":"https:\/\/www.azarethcantu.com\/index.php\/wp-json\/wp\/v2\/types\/page"}],"author":[{"embeddable":true,"href":"https:\/\/www.azarethcantu.com\/index.php\/wp-json\/wp\/v2\/users\/1"}],"replies":[{"embeddable":true,"href":"https:\/\/www.azarethcantu.com\/index.php\/wp-json\/wp\/v2\/comments?post=7"}],"version-history":[{"count":10,"href":"https:\/\/www.azarethcantu.com\/index.php\/wp-json\/wp\/v2\/pages\/7\/revisions"}],"predecessor-version":[{"id":52,"href":"https:\/\/www.azarethcantu.com\/index.php\/wp-json\/wp\/v2\/pages\/7\/revisions\/52"}],"wp:attachment":[{"href":"https:\/\/www.azarethcantu.com\/index.php\/wp-json\/wp\/v2\/media?parent=7"}],"curies":[{"name":"wp","href":"https:\/\/api.w.org\/{rel}","templated":true}]}}